4. Let g(y) = -3*y**2 - 7*y - 5. Let c(a) = 3*g(a) + 2*x(a). What is c(u)?
11
Let o(k) = 2*k**2 + 42*k - 251. Let w be 430/645*(-30)/(-4). Determine o(w).
9
Let p(n) = -4*n**3 - 5*n**2 + 5*n - 25. Let v(j) = -j**3 + 2*j**2 + j - 1. Let g(y) = p(y) - 5*v(y). What is g(15)?
-20
Let k(s) = s**3 - 1. Let l = -184 - -180. Let w(t) = -t + 5. Let a be w(6). Let q(p) = -5*p**3 - 2*p**2 + 7*p + 10. Let c(u) = a*q(u) + l*k(u). Give c(-4).
-10
Suppose -3*b = -2*l - 10, 32 = 2*b + 5*l - 0*l. Let i be (-1 + 1)*3/b. Let d(m) = 6*m**2 - 7*m**2 + 5*m - 1 + i*m. Determine d(5).
-1
Let u(w) be the second derivative of -w**5/20 + w**4/3 + w**3/3 - w**2 + 17*w. Let s be 74*(2 - (-2)/4 - 3). Let k = s + 41. What is u(k)?
6
Let j(z) = -5*z**2 - 21*z - 4. Let a be (-33)/22 - (9/2)/3. What is j(a)?
14
Let v(r) = 19*r + 1. Let y(d) = -d. Let s(b) = -v(b) + y(b). Suppose 4*z = 7*k - 2*k - 29, k - 6 = z. What is s(z)?
19
Let a(f) = f**3 + f**3 + 41*f**2 + 705*f - 707*f + 393. What is a(-21)?
-6
Let a(s) = -5 + 3 - 26*s + 2 - 1. Suppose 28*j - 31*j - 15 = 0. Let t(z) = -z**3 - 6*z**2 - 4*z + 4. Let k be t(j). Give a(k).
25
Let r(o) = 8*o - 152. Let u(w) = 2*w - 40. Let v(a) = 6*r(a) - 23*u(a). Determine v(-3).
2
Let q(m) = 7*m**2 - 3*m + 3. Suppose -2 = 2*i + 4*c + 158, 0 = -3*i - 4*c - 240. Let l = 81 + i. Let v be (-12)/(-4) + 0 + l + -2. Determine q(v).
25
Let s(p) = -p**3 + 6*p**2 + 4*p - 7. Let q be 1/(-4) + (-284)/16 + 3. Let j = q + 33. Let u be (-4)/j - (-224)/36. What is s(u)?
17
Let r(u) = -u**3 + 11*u**2 - 17*u + 78. Let v = -8164 + 8174. Calculate r(v).
8
Let z(a) = 34*a - 5 + 30*a - 103*a + 40*a. Suppose -9 = 3*c + 5*l, -5*c + 3*l + 9 = -10. Suppose -f = -5*b + 26, c*f + 1 = -1. What is z(b)?
0
Let i = -42 + 48. Suppose -8*a = 2*q - 4*a - 12, 3*q - 27 = 3*a. Let m(n) = 16*n**2 - 18*n**2 + 4*n**2 - q*n + 1 - 3. Determine m(i).
22
Suppose -46*p - 76*p + 327 = -13*p. Let b(d) = d**3 + d**2 + 2*d - 7. What is b(p)?
35
Let m(u) = u + 9. Let c be m(-4). Let b(j) = 12661*j + 6*j**2 + 2 - 12659*j - 7*j**2. What is b(c)?
-13
Let i(r) = r**2 + 13*r + 56. Let s be i(-6). Suppose 26*x = s*x + 24. Let w(l) = -2*l - 1. Calculate w(x).
-5
Let w = -7 - -8. Let q be ((-5)/(15/(-9)))/w. Let t(p) be the second derivative of -p**4/12 + 7*p**3/6 - 3*p**2/2 + 1464*p. Give t(q).
9
Let d(z) = 4927*z**3 - 4928*z**3 - 5 + 8*z**2 - 2*z**2 + 8*z. Let f(o) = -2*o - 3. Let a be f(8). Let l = -12 - a. Give d(l).
2
Let i(v) = 10*v - 35. Let n = 6658 + -6654. Calculate i(n).
5
Let v(p) = -34*p + 765. Let u(x) = -73. Let b(f) = 3*u(f) + v(f). What is b(16)?
2
Let l(q) be the first derivative of -q**6/120 - q**5/10 - 5*q**4/24 - 21*q**2/2 - 74. Let f(v) be the second derivative of l(v). Determine f(-4).
-12
Let v(f) = 295*f - 67*f - 100*f + 13 - 107*f. Calculate v(-3).
-50
Let u(x) be the first derivative of x**3/3 + 15*x**2/2 + 17*x + 3193. Give u(-14).
3
Let k(n) be the second derivative of -2*n**5/5 + n**4/4 + n**3/6 - n**2 + 2*n - 509. What is k(2)?
-52
Suppose 10*h - 6*h + 64 = 0. Let v be h*(-5)/30*6/8. Let a(w) = 14*w**v - 5*w**2 - 8*w**2 - 10*w + 0*w**2 + 3. What is a(10)?
3
Let l(d) = -31*d**3 + 19*d**2 - 30*d + 2. Let m(r) = -3*r**3 + r**2 - 3*r + 1. Let p(w) = -l(w) + 10*m(w). What is p(8)?
-56
Suppose 2*r = -128*a + 124*a - 58, 0 = 4*r + 5*a + 80. Let u(o) = o - 1. Let t(y) = -y**2 - 12. Let j(g) = -t(g) + 6*u(g). Calculate j(r).
1
Let s(f) = -2*f**2 + 2*f + 6. Let m(c) = 49*c**2 - 37*c - 137. Let t(n) = -m(n) - 24*s(n). Give t(-1).
3
Let g(v) = 8*v**3 + 17*v**2 + 2*v - 6. Let d(t) = 0*t**3 + 2*t - 2 + 11*t**3 + 15*t**2 - 3 - 4*t**3 + 0. Let q(f) = -7*d(f) + 6*g(f). Let m = 4 - 6. Give q(m).
-1
Let w(v) = 1231800 - 1231801 + v**2 - 3*v - 2*v. What is w(-2)?
13
Let p be 1/3 + 4/6. Let c(s) be the third derivative of 3*s**5/20 + s**3/6 + 7*s**2 + 2152*s. What is c(p)?
10
Let d(i) be the third derivative of -5*i**4/24 - i**3/6 - 6*i**2. Suppose 0 = -167*q - 115 - 384 - 2. Give d(q).
14
Let k = 7 + -6. Let y(f) be the second derivative of 19*f**4/12 + f**3/6 - f**2/2 - 23933*f. Determine y(k).
19
Let x(l) = 7*l - 1. Let p = -155 + 154. Let c be (-1)/2*6/p. Calculate x(c).
20
Suppose 538*a + 15 - 119 = 525*a. Let j(u) = u - 64. What is j(a)?
-56
Let m(d) be the first derivative of -4*d**2 - 10*d - 7 - 1/3*d**3. What is m(-7)?
-3
Let b(y) = -3*y - 6. Suppose -h + 11 = 6. Suppose 5*w - 45 = h*m, -3*w = -m + 2*m + 1. Give b(m).
15
Suppose -45*z - 34*z - 158 = 0. Let b(f) = 2*f**3 - f**2 + 3*f - 3. Let t(a) = -a**3 + a**2 - 2*a + 2. Let j(g) = 4*b(g) + 6*t(g). Determine j(z).
-8
Let x(z) = 2*z**2 + 5*z - 4. Suppose 6*h + 4 = 34. Suppose -6 = 2*j - 3*w, -2*j + 19 = -h*j + 2*w. Let f be (-4)/18 + 34/j. Determine x(f).
8
Suppose 27*o - 85*o - 754 = 0. Let v(j) = -82 - j**2 - 8*j - 6*j + 94 + j. What is v(o)?
12
Let l(c) = 21*c**3 + c**2 - 13*c + 18. Let q(w) = -18*w**3 - 2*w**2 + 11*w - 15. Let z(x) = -5*l(x) - 6*q(x). Calculate z(-2).
6
Let z(y) be the second derivative of 0*y**3 + 1/2*y**2 - 2/3*y**4 + 82*y - 1. What is z(-1)?
-7
Let d(m) = 8*m - 53. Let w(x) = -166*x - 158. Let o be w(-1). Determine d(o).
11
Let v(y) = -3*y**2 - 37*y - 14. Let o(l) = -2*l - 7. Let m(j) = -4*o(j) + v(j). Determine m(-9).
32
Let p(j) = -j + 4. Suppose 0 = -4*w + 3*y + 102, 5*w - 110 = 8*y - 13*y. Suppose 0 = -g - 4, a = 5*a + 2*g + w. Determine p(a).
8
Let w(r) = -13*r**2 + 3*r - 10. Let x(p) = 22*p**2 - 7*p + 19. Let v(g) = -5*w(g) - 3*x(g). What is v(6)?
-7
Let i(k) = -7*k**2 + 12*k - 18. Let u(b) = 4*b**2 - 6*b + 9. Let x(h) = 3*i(h) + 5*u(h). Let y = 490 - 483. Calculate x(y).
-16
Let u(h) = h**2 + 18*h - 28. Let y = -114 - -94. Let r be u(y). Let w(j) = -32*j + r*j + 23*j - 6. Give w(4).
6
Let v(k) be the second derivative of k**7/2520 + 11*k**6/720 + 3*k**5/40 - 13*k**4/2 + 57*k. Let t(u) be the third derivative of v(u). Calculate t(-7).
-19
Let h(n) = -3*n - 17. Let k = -4202 - -4191. Give h(k).
16
Let x(t) = -t**2 - 392*t - 1541. Let i be x(-4). Let a(n) = -2*n**2 + 20*n + 36. Calculate a(i).
14
Suppose 12*i = -4*i + 112. Let a(r) = 11 + 13*r - 3*r - i*r. Calculate a(-5).
-4
Let h = 239 - 238. Let i(u) = 11 - u - 4 - u**2 + h. What is i(-6)?
-22
Let y(p) be the second derivative of 2 - 1/2*p**2 - 6*p + 5/6*p**3 + 1/12*p**4. Let o(x) = -x**2 + 4. Let l be o(-3). Determine y(l).
-1
Suppose -215*f - 160 = -223*f. Let c(o) = f - 29 - o + 11. Give c(13).
-11
Let l(k) = k**3 + 19*k**2 - 40*k + 44. Suppose -45 = -4*d - 25, 5*d = -x + 4. What is l(x)?
2
Let c(l) = 3*l + 104. Let o be c(-33). Let f(r) = -2*r**2 + 4*r + 5. Let h(s) = s**2 - s - 2. Let q(d) = o*h(d) + 2*f(d). Give q(-4).
4
Let h = -3524 + 3531. Let q(b) = b**2 - 7*b - 3. Determine q(h).
-3
Let b(k) = 4*k - 3. Let u(w) = 13*w - 8. Let c(z) = 11*b(z) - 4*u(z). Let y = -5 + 6. Calculate c(y).
-9
Let u be 8/14*(294/(-12))/(-7). Suppose -u*k + k + 0*k = 0. Let h(w) = -2*w - 5. Determine h(k).
-5
Let p = 192 + -177. Let t = p - 21. Let j(k) = -k**2 - 6*k + 7. Calculate j(t).
7
Let a(k) = k**3 + 5*k**2 - k - 19. Let s be a(-3). Let t(d) be the second derivative of 1/4*d**4 + 1/2*d**3 + 3/2*d**s + 9*d + 0. What is t(-2)?
9
Let w(k) be the third derivative of k**6/120 - 13*k**5/60 + 13*k**4/24 - 8*k**3/3 - 231*k**2 + 5. Give w(12).
-4
Let f = 2966 + -2968. Let q(a) be the first derivative of -1/3*a**3 - 1/2*a**2 + 1 + 0*a. Calculate q(f).
-2
Let h(z) = -4*z**2 - 6*z - 1. Let o(t) = -t**2 - t. Let u(w) = -h(w) + 3*o(w). Let f(q) = -q**3 - 30*q**2 - 39*q - 293. Let d be f(-29). Calculate u(d).
1
Let t(w) = -2*w + 3. Let m(u) = 2*u - 4. Let z(a) = 4*m(a) + 6*t(a). Suppose -210 = -23*g - 45*g - 2*g. Calculate z(g).
-10
Let p(w) = 2*w**2 - 7. Suppose 379*x - 16 = 377*x, 5*x - 49 = 3*q. What is p(q)?
11
Let a(u) = 8*u + u + u + u - 14. Let l(p) = -2*p. Let b(o) = -a(o) - 5*l(o). Give b(7).
7
Let d(m) be the first derivative of -m**3/3 - 5*m**2/2 - 2*m + 1. Suppose 5*r + 9 - 39 = 0. Suppose 3*x + 2*k + r = 0, -2*k = -5*x - k - 23. Calculate d(x).
2
Let f(d) = 1 - d - 3*d + 0. Let u(s) = -2*s**3 + 5*s**2 - 2*s - 12. Let g be u(4). Let i = g - -71. Determine f(i).
-11
Suppose -l + 1 = 0, 10*d - 9*d + 2*l - 2 = 0. Let n(u) = -u**3 + u - 61. What is n(d)?
-61
Let r(o) = -o**3 + 21*o**2 + 11*o - 6. Let u(t) = 2*t**3 - 38*t**2 - 21*t + 12. Let v(f) = 11*r(f) + 